{"id":55,"date":"2021-09-01T00:59:57","date_gmt":"2021-09-01T03:59:57","guid":{"rendered":"http:\/\/fundacionastur.org\/?page_id=55"},"modified":"2022-05-25T11:38:20","modified_gmt":"2022-05-25T14:38:20","slug":"quienes-somos","status":"publish","type":"page","link":"https:\/\/fundacionastur.org\/en\/quienes-somos\/","title":{"rendered":"About Us"},"content":{"rendered":"","protected":false},"excerpt":{"rendered":"","protected":false},"author":2,"featured_media":0,"parent":0,"menu_order":0,"comment_status":"closed","ping_status":"closed","template":"page-quienes-somos-nueva_version.php","meta":{"footnotes":""},"class_list":["post-55","page","type-page","status-publish","hentry"],"acf":{"cantidad_de_socios":"27","cantidad_de_partners":"43","asesor":[{"nombre":"Juan Jos\u00e9 Taccone","puesto":"Presidente","foto":false},{"nombre":"Jos\u00e9 C\u00e9sar Iglesias","puesto":"Vicepresidente","foto":false},{"nombre":"Enrique Besada","puesto":"Asesor","foto":false},{"nombre":"Bettina Bulgheroni","puesto":"Asesor","foto":false},{"nombre":"Juan Jos\u00e9 Calvo","puesto":"Asesor","foto":false},{"nombre":"Isabelle Chaquiriand","puesto":"Asesor","foto":false},{"nombre":"Manuel Costa","puesto":"Asesor","foto":false},{"nombre":"Orlando Dovat","puesto":"Asesor","foto":false},{"nombre":"Nicol\u00e1s Jodal","puesto":"Asesor","foto":false},{"nombre":"Andr\u00e9s Lalanne","puesto":"Asesor","foto":false},{"nombre":"Fernando Rachetti","puesto":"Asesor","foto":false},{"nombre":"Gabriel Rozman","puesto":"Asesor","foto":false},{"nombre":"Ricardo Zerbino","puesto":"Asesor","foto":false}],"directivo":[{"nombre":"Enrique V. Iglesias","puesto":"Presidente","foto":"https:\/\/fundacionastur.org\/wp-content\/uploads\/2021\/10\/Enrique-V-6.jpg"},{"nombre":"Carlos Steneri","puesto":"Vicepresidente","foto":"https:\/\/fundacionastur.org\/wp-content\/uploads\/2021\/10\/Carlos-Steneri2.jpg"},{"nombre":"Magal\u00ed Mauad","puesto":"Secretaria","foto":"https:\/\/fundacionastur.org\/wp-content\/uploads\/2021\/10\/Magali-Mauad4.jpg"},{"nombre":"Hern\u00e1n Caama\u00f1o","puesto":"Miembro de Consejo","foto":"https:\/\/fundacionastur.org\/wp-content\/uploads\/2021\/10\/Hernan-Caamano4.jpg"},{"nombre":"Graciela Cata\u00f1y","puesto":"Miembro de Consejo","foto":"https:\/\/fundacionastur.org\/wp-content\/uploads\/2021\/10\/Graciela-Catany-5.jpg"},{"nombre":"Adolfo Garc\u00e9","puesto":"Miembro de Consejo","foto":"https:\/\/fundacionastur.org\/wp-content\/uploads\/2021\/10\/Adolfo-Garce2.jpg"},{"nombre":"Guillermo Iglesias","puesto":"Miembro de Consejo","foto":"https:\/\/fundacionastur.org\/wp-content\/uploads\/2021\/10\/Guillermo-Iglesias-5-1.jpg"},{"nombre":"H\u00e9ctor E. Luisi","puesto":"Miembro de Consejo","foto":"https:\/\/fundacionastur.org\/wp-content\/uploads\/2021\/10\/Hector-E.-Luisi-3.jpg"},{"nombre":"Ricardo Pascale","puesto":"Miembro de Consejo","foto":"https:\/\/fundacionastur.org\/wp-content\/uploads\/2021\/10\/Ricardo-Pascale-3.jpg"},{"nombre":"Gunther Rotzinger","puesto":"Miembro de Consejo","foto":"https:\/\/fundacionastur.org\/wp-content\/uploads\/2021\/10\/Gunther-ROTZINGER-3.jpg"},{"nombre":"Juan Jos\u00e9 Taccone","puesto":"Miembro de Consejo","foto":"https:\/\/fundacionastur.org\/wp-content\/uploads\/2021\/10\/Juan-Jose-Taccone4.jpg"}],"titulo_principal":"About Us","descripcion_principal":"<p>&#8220;The Astur Foundation is a non-governmental, non-profit organization that, respecting the wish of its founder, aspires to contribute to the progress of Uruguayan society in recognition of what it has generously received from it&#8221;<\/p>\n","equipo":[{"nombre":"Jos\u00e9 Mar\u00eda Puppo","puesto":"Director General","foto":"https:\/\/fundacionastur.org\/wp-content\/uploads\/2021\/10\/Jose-Maria-Puppo-4-2.jpg"},{"nombre":"Virginia Gonz\u00e1lez","puesto":"Coordinadora de Personas Mayores","foto":"https:\/\/fundacionastur.org\/wp-content\/uploads\/2021\/10\/Virginia-Gonzalez-3.jpg"},{"nombre":"Cecilia Gari","puesto":"Secretaria General","foto":"https:\/\/fundacionastur.org\/wp-content\/uploads\/2021\/10\/Cecilia-Gari-4-1.jpg"},{"nombre":"Rosana Sparano","puesto":"Contadora","foto":"https:\/\/fundacionastur.org\/wp-content\/uploads\/2021\/10\/Rosana-Sparano-5.jpg"},{"nombre":"Rosario Collazo","puesto":"Asesor Ejecutivo Senior","foto":"https:\/\/fundacionastur.org\/wp-content\/uploads\/2021\/10\/Rosario-Collazo-3.jpg"},{"nombre":"Bernardo Arago","puesto":"Sistema ","foto":"https:\/\/fundacionastur.org\/wp-content\/uploads\/2021\/10\/Bernardo-Arago3.jpg"},{"nombre":"Ana Mar\u00eda Tello","puesto":"Consultora","foto":"https:\/\/fundacionastur.org\/wp-content\/uploads\/2022\/04\/Foto-Ana-Maria-Tello.jpg"}],"texto_agradecimiento":"","colaboradores":[{"nombre_colaborador":"Juan Perez"},{"nombre_colaborador":"Diego Rodriguez"},{"nombre_colaborador":"Mario Gimenez"},{"nombre_colaborador":"Martin Rivera"},{"nombre_colaborador":"Marcos Tom\u00e1s"},{"nombre_colaborador":"Florencia Milano"},{"nombre_colaborador":"Sofia Guzman"}],"mision_texto":"<p>Our mission is to create an environment of reflection to promote and develop projects and programs that contribute to improve the social, economic, cultural and political aspects of our country, with special emphasis on the most vulnerable sectors. Promote academic excellence in their areas of expertise, as well as, establish awards to individuals or organizations that have made relevant contributions to society.<\/p>\n","vision_texto":"<p>We aspire to consolidate a humane, sustainable and referent organization in the essential issues for which it was constituted, supporting agreed national policies and maintaining the founding values that inspired its creation.<\/p>\n","valores_texto":"<h6 class=\"fc-3 fw-800 ff-3\">Harmony and consensus<\/h6>\n<p>Work respecting the diversity of opinions.<\/p>\n<h6 class=\"fc-3 fw-800 ff-3\">Commitment and respect<\/h6>\n<p>Especially value personal effort and social responsibility.<\/p>\n<h6 class=\"fc-3 fw-800 ff-3\">Transparency<\/h6>\n<p>Intellectual honesty, objectivity, impartiality, solidarity.<\/p>\n<h6 class=\"fc-3 fw-800 ff-3\">Humanization<\/h6>\n<p>Comprehensive approach to the human being, orientation to the person, empathy and humane treatment.<\/p>\n","entidades_colaboradoras":"<p>We thank all the entities that collaborate in one way or another with our actions and projects:<\/p>\n<p><strong>International and regional organizations: <\/strong>AECID, ALADI, Inter-American Development Bank, World Bank, CAF-Development Bank, ECLAC, Embassies and Diplomatic Representations in Uruguay, Government of Japan, Government of the PR China, IDRC-CRDI Canada, INTAL, MERCOSUR, OECD, OEI, IOM, OISS, UN, UNDP, European Union.<\/p>\n<p><strong>Public, national and departmental organizations:<\/strong> AGESIC, ANEP, ANII, AUCI, BCU, BPS, CND, Congress of Intendants, INEEd, INEFOP, INIA, INMAYORES, Institut Pasteur, Intendances and Municipalities of the whole country, JUNAD, MEC, MEF, MIDES, MINTUR, MSP, MRREE, MTSS, OPP, SECAN.<\/p>\n<p><strong>Educational entities and civil society organizations: <\/strong>Academia de Econom\u00eda, ACDE, ACJ, ADM, Mercantile Chamber of Products of the Country, bilateral Chambers of Commerce of China, United States, Spain, Great Britain and Switzerland, CIT PAX, CLAEH, Colegio of Accountants, Economists and Administrators of Uruguay, Endeavor, Rural Federation of Uruguay, A Ganar Foundation, Mat\u00eda Foundation, Porsaleu Foundation, Isalud, RedSur, International Rotary, SMU, Uruguayan Society of Gerontology and Geriatrics, University of the Republic, Catholic University of Uruguay , CLAEH University, University of Montevideo, ORT University, Sussex-London University, UTEC, Xeniors, and the associations as well as the working groups of each locality where we develop our projects.<\/p>\n<p><strong>Experts, national and international:<\/strong> in the different matters that we address, to the collaborators who fully support our work in an honorary way, to all those who have invited us to be part of their events and initiatives, and to the communicators and media that collaborate in make it possible for our message and our task to reach the whole country.<\/p>\n<p><strong>Astur Foundation maintains a permanent strategic alliance in Uruguay with the Camilos Religious Health Humanization Center (Madrid, Spain), through its advice and technical support.<\/strong><\/p>\n"},"_links":{"self":[{"href":"https:\/\/fundacionastur.org\/en\/wp-json\/wp\/v2\/pages\/55","targetHints":{"allow":["GET"]}}],"collection":[{"href":"https:\/\/fundacionastur.org\/en\/wp-json\/wp\/v2\/pages"}],"about":[{"href":"https:\/\/fundacionastur.org\/en\/wp-json\/wp\/v2\/types\/page"}],"author":[{"embeddable":true,"href":"https:\/\/fundacionastur.org\/en\/wp-json\/wp\/v2\/users\/2"}],"replies":[{"embeddable":true,"href":"https:\/\/fundacionastur.org\/en\/wp-json\/wp\/v2\/comments?post=55"}],"version-history":[{"count":82,"href":"https:\/\/fundacionastur.org\/en\/wp-json\/wp\/v2\/pages\/55\/revisions"}],"predecessor-version":[{"id":9350,"href":"https:\/\/fundacionastur.org\/en\/wp-json\/wp\/v2\/pages\/55\/revisions\/9350"}],"wp:attachment":[{"href":"https:\/\/fundacionastur.org\/en\/wp-json\/wp\/v2\/media?parent=55"}],"curies":[{"name":"wp","href":"https:\/\/api.w.org\/{rel}","templated":true}]}}

Juan José Taccone

José César Iglesias

Juan José Calvo

Nicolás Jodal

Andrés Lalanne

Magalí Mauad

Hernán Caamaño

Graciela Catañy

Adolfo Garcé

Héctor E. Luisi

José María Puppo

Virginia González

Ana María Tello

Marcos Tomás

<p>We thank all the entities that collaborate in one way or another with our actions and projects:</p>
<p><strong>International and regional organizations: </strong>AECID, ALADI, Inter-American Development Bank, World Bank, CAF-Development Bank, ECLAC, Embassies and Diplomatic Representations in Uruguay, Government of Japan, Government of the PR China, IDRC-CRDI Canada, INTAL, MERCOSUR, OECD, OEI, IOM, OISS, UN, UNDP, European Union.</p>
<p><strong>Public, national and departmental organizations:</strong> AGESIC, ANEP, ANII, AUCI, BCU, BPS, CND, Congress of Intendants, INEEd, INEFOP, INIA, INMAYORES, Institut Pasteur, Intendances and Municipalities of the whole country, JUNAD, MEC, MEF, MIDES, MINTUR, MSP, MRREE, MTSS, OPP, SECAN.</p>
<p><strong>Educational entities and civil society organizations: </strong>Academia de Economía, ACDE, ACJ, ADM, Mercantile Chamber of Products of the Country, bilateral Chambers of Commerce of China, United States, Spain, Great Britain and Switzerland, CIT PAX, CLAEH, Colegio of Accountants, Economists and Administrators of Uruguay, Endeavor, Rural Federation of Uruguay, A Ganar Foundation, Matía Foundation, Porsaleu Foundation, Isalud, RedSur, International Rotary, SMU, Uruguayan Society of Gerontology and Geriatrics, University of the Republic, Catholic University of Uruguay , CLAEH University, University of Montevideo, ORT University, Sussex-London University, UTEC, Xeniors, and the associations as well as the working groups of each locality where we develop our projects.</p>
<p><strong>Experts, national and international:</strong> in the different matters that we address, to the collaborators who fully support our work in an honorary way, to all those who have invited us to be part of their events and initiatives, and to the communicators and media that collaborate in make it possible for our message and our task to reach the whole country.</p>
<p><strong>Astur Foundation maintains a permanent strategic alliance in Uruguay with the Camilos Religious Health Humanization Center (Madrid, Spain), through its advice and technical support.</strong></p>
